Determine d(h).
-1
Let y = -2 - -1. Let t(h) = 2*h + 1. Let k be 1/(1 + 1 + -1). Let a(d) = -d. Let p(q) = k*t(q) - 6*a(q). Calculate p(y).
-7
Suppose 6*m - 30 = m. Let x(g) = -2*g**3 - 11*g**2 + 13*g - 9. Let p(l) = l**3 + 6*l**2 - 7*l + 5. Let f(t) = m*x(t) + 11*p(t). What is f(-1)?
1
Let t(x) = -4*x + 2*x - 4*x + 3*x. Give t(-4).
12
Suppose 2*h - 4*h = -x + 14, -5*h - 29 = -x. Let t = x + -9. Let z(a) = -a**2 - 4*a**2 + 2*a**2 + 2*a**2 + 5 - 3*a. Calculate z(t).
-5
Suppose 5*x - 2*o + 42 = -5*o, 36 = -4*x - 3*o. Let c(l) = -l**2 - 7*l - 6. Let k be c(x). Suppose -i + 2 + 2 = k. Let u(s) = -s**2 + 2*s + 2. What is u(i)?
-6
Let w(b) be the second derivative of -b**5/20 - b**4/4 + b**2 + 18*b. Give w(-3).
2
Let w(q) be the third derivative of -q**6/120 - 7*q**5/60 + q**4/4 - 5*q**3/3 + 19*q**2 + 4*q. Let m = -6 + -2. Give w(m).
6
Suppose -4*z = -m + 39, -21 = z + 3*z + 5*m. Let s = 10 + z. Let u(o) = -2 + o**3 + 14*o**2 - 8*o**2 - s. Give u(-6).
-3
Let b = 4241/20 + -212. Let c(k) be the third derivative of 0 + 0*k - 1/120*k**6 - b*k**5 - 1/3*k**3 - 2*k**2 - 1/8*k**4. Determine c(-3).
7
Suppose -8*p = -6*p + 6. Let b = 5 - 3. Let g(d) = -d - d - 3 - 2*d**b - 2*d. Calculate g(p).
-9
Suppose 0*h + 3*h = -3. Let l(o) = -3*o**2 - 1. Calculate l(h).
-4
Let n(f) = 0 + 3*f - 5 - 6*f + 12. Calculate n(6).
-11
Let l(h) = 4*h + 10 - 10*h - 1 + 7*h. What is l(7)?
16
Let r = 2 + 4. Let s(u) = 6*u**2 + r*u - 2*u**2 + 0 - 3*u**2 + 4. Calculate s(-6).
4
Let h(f) = -344*f + f**2 + 344*f - 2*f**3. What is h(-1)?
3
Suppose 5*a + 0 = 5. Let n(d) be the first derivative of 7*d**6/360 - 2*d**3/3 - 2. Let w(v) be the third derivative of n(v). Determine w(a).
7
Let c(n) = -n**2 + 4*n + 1. Suppose 2*v + 2*v = 20. Determine c(v).
-4
Let z(u) = 4*u + 1 - 7*u - u. Let g(i) = 8*i - 3. Let j(o) = -2*g(o) - 5*z(o). Determine j(1).
5
Let g be (1 - (-2)/(-6))*9. Let o(c) = c - 7. Let m be o(g). Let n(f) = -2*f**2 - 2*f - 6. Let t(v) = -1. Let u(z) = -n(z) + 5*t(z). Give u(m).
1
Let v(k) = -2*k - 1. Suppose -23 - 12 = -5*t. Suppose 3*z = t*z - 16. Suppose 0 = 2*j + c - 2*c, z*j + 12 = 5*c. Give v(j).
-5
Let u(q) = 3*q**3 + 3*q**2 - 2*q - 2*q**3 + 58 - 54. What is u(-4)?
-4
Let b(p) = 14*p**2 + 26*p - 35. Let h(t) = 5*t**2 + 9*t - 12. Let u(f) = 4*b(f) - 11*h(f). Give u(-7).
6
Let r(c) be the first derivative of 5/24*c**4 + 1/60*c**5 + 1/2*c**2 - 1/3*c**3 + 0*c + 2. Let k(a) be the second derivative of r(a). Calculate k(-5).
-2
Let h(m) = -m**3 + 2*m**2 + m - 1. Let l = 4 - 2. Suppose -p + l = -0. Determine h(p).
1
Let o(d) = 2 - 7*d - 6*d + 12*d. What is o(0)?
2
Let t(b) = b**2 + 3*b + 4. Let x be (-5)/(-10) - ((-22)/(-4) + -2). Calculate t(x).
4
Let n(g) = -2*g + 4 + 0*g + 4*g**2 - 3. Let l be n(1). Let o(w) be the first derivative of w**2 - 3. Calculate o(l).
6
Let p(o) = -o**2 - 2*o - 4. Let y(n) be the first derivative of -n**2/2 - 5*n + 3. Let w be y(-9). Let l = 1 - w. What is p(l)?
-7
Let x(j) be the first derivative of j**3/3 - 2*j + 6. Give x(3).
7
Let f(l) = 6*l**2 + 11*l - 11. Let y(m) = 10*m + 7*m**2 - 15 + m**2 - 3*m**2 + 5. Let j(c) = 4*f(c) - 5*y(c). Give j(-6).
6
Let y(k) = 2*k**2 + 2*k + 1. Let n be y(-2). Let j = 13 - n. Suppose -4*l = -2*v + 6, -2*l = -0*l + j. Let m(t) = t**2 + 6*t - 2. Give m(v).
-7
Let c(r) = -6 + r**3 - 9*r**2 + 14 + 8*r + 0*r**2. Give c(8).
8
Let p(z) = -2*z**2 - 3*z - 1. Let b(r) = 1. Let o(y) = -2*b(y) - p(y). What is o(-3)?
8
Let m = 3 + -1. Suppose 0 = -m*n - 0*n - 3*j - 3, -n = 3*j. Let d(k) = 2*k - 2*k**2 - 5*k + k**3 + 4*k**2 - 3. What is d(n)?
-3
Let s(r) be the third derivative of r**6/120 + r**5/12 + r**4/8 - 3*r**2. Let b = 13 + -9. Suppose -u = -b + 7. Determine s(u).
9
Let o(u) = -3*u**2 + u - 8. Let t(a) = -a**2 - 5*a + 4. Let h be t(-5). Let l(v) = 5*v**2 - 3*v + 15. Let p(w) = h*l(w) + 7*o(w). Give p(-5).
4
Let l(w) be the second derivative of w**4/12 + 3*w**2 - 132*w. Suppose 4*q - p + 10 = -6*p, q = -4*p - 8. Calculate l(q).
6
Let x be 25/2 + 1/(-2). Suppose -2*j - x = 2*w, -5*j + 0*j - 23 = -2*w. Let s(y) = 1 - 1 + y. Determine s(w).
-1
Let q = -28 + 20. Let i(a) = a + 8. Determine i(q).
0
Suppose 4*i = 5*i - 3. Let p = -3 + i. Let l(h) = 9*h**3 + 2*h**2 - 9*h + 9. Let n(v) = -5*v**3 - v**2 + 5*v - 4. Let t(d) = 4*l(d) + 7*n(d). Determine t(p).
8
Suppose 0 = -2*b - g + 13, 33 = 4*b - 5*g - 0. Suppose 14 = -3*r + 3*l - l, -b = 2*r + l. Let p be 2/6 - r/(-3). Let u(h) = -4*h**2. Give u(p).
-4
Let b(p) = -p**3 - 2*p**2 - 2*p + 3. Let w be b(-2). Let f(m) = 2*m - 10. Determine f(w).
4
Let g(j) be the second derivative of j**5/60 - j**4/24 - 5*j**3/6 - j**2/2 - 3*j. Let o(w) be the first derivative of g(w). Suppose 3*p = -0*p. Calculate o(p).
-5
Suppose r - 2*r + 6 = 0. Let s(t) = t**3 - 6*t**2 - t + 2. Determine s(r).
-4
Suppose -65 = 20*f - 7*f. Let a(n) be the third derivative of n**4/12 + 7*n**3/6 + n**2. Give a(f).
-3
Let f be (-1 + 10/4)*2. Let p be (2/4)/(2/8). Suppose -v = -f - p. Let r(n) = n**2 - 7*n + 4. What is r(v)?
-6
Suppose 4*g = -4*d + g + 18, 0 = 5*g - 10. Suppose -d*h + 7*h - 20 = 0. Let y(s) = -h*s - s**2 + 5*s + s**3. Give y(-1).
-2
Suppose -4*q = 3*a - 6*q + 34, q = a + 13. Let o(r) = -r**2 - 8*r - 5. Give o(a).
-5
Let l(o) = -2*o - 2*o + 0*o. Let z(x) be the first derivative of x**2/2 - 6*x + 2. Let a be z(7). Determine l(a).
-4
Suppose -21*f = -16*f - 30. Let d(i) = 2*i + 1. Give d(f).
13
Let a(p) = p**3 - 1 + 21 + 3*p + 5*p**2 - 19. What is a(-4)?
5
Let m(b) = b**2 + 2*b - 1. Let z be 5 - 0/(4 + -2). Let o(u) = u**2 + 2*u. Let p(r) = z*m(r) - 4*o(r). Suppose h + 3 = -1. Give p(h).
3
Let s(n) = 5*n**3 - 6*n**2 + 3. Let d(f) = f**3. Let y(w) = -6*d(w) + s(w). Give y(-6).
3
Let m(l) = l**3 + 4*l**2 - 5*l + 1. Let u = 97 + -102. Calculate m(u).
1
Let i(a) = a**2. Let z(k) = k**3 - k**2 + k - 6. Let n = 1 + 0. Let w(b) = n*z(b) + i(b). What is w(0)?
-6
Let x = 1 - 3. Let f(k) = k**2. Let z(b) = -3*b**2 + 1. Let j(y) = x*z(y) - 7*f(y). Give j(2).
-6
Suppose 0 = 4*z - 4, 0*h = 2*h + 5*z - 13. Let q(m) = m**2 + 7*m - 3. Let n(i) = 5*i**2 + 29*i - 12. Let p(o) = -2*n(o) + 9*q(o). Determine p(h).
1
Let d(a) = -a**3 + 3*a**2 + 4*a + 6. Let f(g) = g**3 - 3*g**2 - 4*g - 5. Let j(b) = -5*d(b) - 6*f(b). Calculate j(4).
0
Let g(o) = o**2 - 3*o - 1. Suppose 5*j - 10 = 3*c + 2*c, -3*c - 2*j + 19 = 0. Calculate g(c).
-1
Let d(x) = -4*x + 2. Let i = 7 + -5. Suppose -s = -i*s + 3. Determine d(s).
-10
Suppose p = 28 + 27. Let j be (p/(-33))/(1/3). Let o(h) = -h - 1. Determine o(j).
4
Let h(o) = -o - 4. Let x(a) = -a - 1. Let m(y) = -h(y) + 3*x(y). Suppose 2*k + 2 = 4. Calculate m(k).
-1
Let k(v) = 1 - 2*v - 2*v + v + v. What is k(-4)?
9
Let f(b) = -b**3 + 7*b**2 + 9*b - 6. Let d be f(8). Suppose 0 = -3*j + 2*j - 5*a, -d*j = 3*a. Let v(u) = u**2 + u + 13. Determine v(j).
13
Let n(z) = -5*z**3 + 2*z**2 - z. Suppose 0*x = 3*x - 12. Let w be (-2)/1*(-30)/x. Suppose -g - 10 = 4*g - 5*o, -3*g - 4*o + w = 0. Give n(g).
-4
Let u be -2 - ((-9 - -3) + 3). Let f = u + -4. Let v(c) = 2*c**2 + 5*c + 4. Determine v(f).
7
Let f(x) = x**3 - 5*x**2 + x + 3. Let n(m) = m**3 - 4*m**2 + m - 5. Let c be n(4). Let l be -3*(1 - 3 - c). What is f(l)?
-12
Let y(v) = v**2 - v. Let s(j) = j**3 + 9*j**2 - 5*j - 4. Let c(b) = s(b) - 5*y(b). What is c(-3)?
5
Let n be (-12)/(-5) + 8/(-20). Let c(h) be the third derivative of 0*h - h**3 + 0 - h**n + 0*h**4 + 1/60*h**5. Give c(0).
-6
Let y(s) = s**3 + 2*s**2 - s. Let i be 25/(-5) - (-1 + (-2)/2). Determine y(i).
-6
Let g(m) = 13*m**2 + 3*m + 3. Let q(p) = -15*p**2 - 3*p - 4. Let u(k) = 7*g(k) + 6*q(k). Let t be 2/3 + (-34)/6. Determine u(t).
7
Let f be (-2)/(-11) + (-64)/(-11). Let w(v) = -77 + f*v - v**3 + v**2 + 76 + v**2. Calculate w(4).
-9
Suppose 3*l + 4*q + 18 = 0, -5*q + 12 = -2*l - 0*l. Let g(v) = -2*v + 7. Let o(y) = -3*y + 8. Let i(u) = -4*g(u) + 3*o(u). Calculate i(l).
2
Let r(q) = -6*q**2 + 6*q + 10. Let i(c) = 7*c**2 - 7*c - 11. Let d(a) = -5*i(a) - 6*r(a). Let b be 2/18 - 8/72. Calculate d(b).
-5
Let x(f) = f. Let d(i) = -3*i + 5. Let o(r) = d(r) + 4*x(r). Let w(g) = -g**3 + 12*g**2 - 9*g - 12. Let u be w(11). Let c be 4/u - (-207)/45. What is o(c)?
10
Let b be ((-2)/(-2))/((-2)/(-4)). Let u(d) = 2*d + 3*d + 3*d - b*d + 1. Give u(-1).
-5
Let d(l) = l + 1. Suppose -h - 3*h = 0. Let s